33658721 is divided by 67.
65
Calculate the remainder when 1928925 is divided by 9057.
8841
Calculate the remainder when 18848696 is divided by 2315.
2281
Calculate the remainder when 349706 is divided by 3720.
26
Calculate the remainder when 13853267 is divided by 429.
428
What is the remainder when 1248247 is divided by 14?
7
Calculate the remainder when 274302 is divided by 273876.
426
What is the remainder when 22625745 is divided by 32?
17
What is the remainder when 9632509 is divided by 85243?
50
What is the remainder when 58960380 is divided by 125?
5
Calculate the remainder when 3925470 is divided by 704.
670
Calculate the remainder when 1083206 is divided by 54079.
1626
Calculate the remainder when 19693 is divided by 1022.
275
What is the remainder when 30394986 is divided by 86?
6
What is the remainder when 530859 is divided by 9835?
9604
Calculate the remainder when 31533 is divided by 26716.
4817
Calculate the remainder when 39760772 is divided by 196.
16
Calculate the remainder when 1099011 is divided by 643.
124
What is the remainder when 4495146 is divided by 369?
357
What is the remainder when 306705 is divided by 7581?
3465
Calculate the remainder when 22242867 is divided by 48.
3
Calculate the remainder when 9623490 is divided by 103.
97
Calculate the remainder when 49917 is divided by 86.
37
What is the remainder when 2742137 is divided by 1083?
1064
What is the remainder when 2091950 is divided by 973?
0
What is the remainder when 12046 is divided by 7372?
4674
Calculate the remainder when 13724758 is divided by 140.
138
Calculate the remainder when 137142 is divided by 22.
16
Calculate the remainder when 247063 is divided by 49100.
1563
Calculate the remainder when 579156 is divided by 286.
6
What is the remainder when 284501 is divided by 94813?
62
What is the remainder when 5891501 is divided by 11926?
57
What is the remainder when 1101670 is divided by 275?
20
Calculate the remainder when 5098452 is divided by 2985.
72
What is the remainder when 479850 is divided by 239888?
74
Calculate the remainder when 2168678 is divided by 11850.
128
Calculate the remainder when 19900 is divided by 19661.
239
Calculate the remainder when 1482052 is divided by 2433.
355
Calculate the remainder when 724043 is divided by 202.
75
What is the remainder when 94490 is divided by 307?
241
What is the remainder when 1839333 is divided by 3280?
2533
What is the remainder when 6290526 is divided by 5890?
6
What is the remainder when 8036529 is divided by 4018261?
7
What is the remainder when 958802 is divided by 239661?
158
Calculate the remainder when 3315611 is divided by 48.
11
What is the remainder when 2759538 is divided by 12?
6
What is the remainder when 7939381 is divided by 36587?
2
What is the remainder when 48417 is divided by 7859?
1263
Calculate the remainder when 957435 is divided by 191480.
35
Calculate the remainder when 16349530 is divided by 176.
10
What is the remainder when 229562 is divided by 1481?
7
What is the remainder when 3026732 is divided by 241?
13
Calculate the remainder when 338591 is divided by 169282.
27
Calculate the remainder when 812844 is divided by 2367.
963
What is the remainder when 1868431 is divided by 36?
31
What is the remainder when 4924705 is divided by 30588?
37
Calculate the remainder when 2795430 is divided by 2539.
2530
Calculate the remainder when 136989 is divided by 346.
319
What is the remainder when 76297976 is divided by 1004?
0
Calculate the remainder when 1838101 is divided by 175.
76
What is the remainder when 1272456 is divided by 165?
141
What is the remainder when 12818312 is divided by 87796?
96
Calculate the remainder when 429841397 is divided by 14.
13
What is the remainder when 82428 is divided by 5299?
2943
Calculate the remainder when 6666616 is divided by 6666579.
37
What is the remainder when 16843949 is divided by 90?
89
What is the remainder when 24096 is divided by 245?
86
What is the remainder when 62051655 is divided by 94?
93
What is the remainder when 273931 is divided by 587?
389
Calculate the remainder when 4672887 is divided by 1044.
987
Calculate the remainder when 24855 is divided by 170.
35
What is the remainder when 266800 is divided by 251?
238
Calculate the remainder when 363667 is divided by 1838.
1581
Calculate the remainder when 83078 is divided by 16594.
108
Calculate the remainder when 5815664 is divided by 23.
22
What is the remainder when 106546 is divided by 4254?
196
What is the remainder when 89055 is divided by 696?
663
Calculate the remainder when 52165790 is divided by 38.
36
Calculate the remainder when 43272216 is divided by 22.
20
What is the remainder when 43995505 is divided by 3142535?
15
What is the remainder when 553930927 is divided by 61547880?
7
Calculate the remainder when 2924334 is divided by 2155.
2154
What is the remainder when 334622 is divided by 25661?
1029
Calculate the remainder when 421851 is divided by 140584.
99
What is the remainder when 124290807 is divided by 70?
67
Calculate the remainder when 32377936 is divided by 18.
4
What is the remainder when 236861 is divided by 304?
45
Calculate the remainder when 1947141 is divided by 278110.
371
Calculate the remainder when 970880 is divided by 194175.
5
What is the remainder when 44905 is divided by 1181?
27
What is the remainder when 13873248 is divided by 2387?
4
Calculate the remainder when 10957630 is divided by 112.
110
What is the remainder when 69163 is divided by 25?
13
Calculate the remainder when 28238 is divided by 3570.
3248
What is the remainder when 1585972 is divided by 564?
4
Calculate the remainder when 617800 is divided by 20593.
10
Calculate the remainder when 716424 is divided by 13.
7
Calculate the remainder when 1011375 is divided by 7276.
11
Calculate the remainder when 112998 is divided by 37579.
261
What is the remainder when 185129 is divided by 8?
1
What is the remainder when 498909 is divided by 1327?
1284
What is the remainder when 780053 is divided by 51824?
2693
Calculate the remainder when 2388431 is divided by 301.
297
Calculate the remainder when 3991667 is divided by 270.
257
Calculate the remainder when 3670738 is divided by 1964.
22
Calculate the remainder when 1397740542 is divided by 17.
15
What is the remainder when 13943246 is divided by 375?
371
What is the remainder when 50027 is divided by 9963?
212
What is the remainder when 3959552 is divided by 439950?
2
What is the remainder when 1772513 is divided by 8952?
17
What is the remainder when 87166 is divided by 731?
177
What is the remainder when 296229197 is divided by 290?
287
Calculate the remainder when 46799 is divided by 7447.
2117
Calculate the remainder when 54744418 is divided by 17.
15
Calculate the remainder when 3693124 is divided by 3339.
190
Calculate the remainder when 1993022 is divided by 2725.
1047
What is the remainder when 3590678 is divided by 448833?
14
What is the remainder when 67910259 is divided by 33955127?
5
Calculate the remainder when 288049147 is divided by 369.
367
What is the remainder when 17186 is divided by 14871?
2315
Calculate the remainder when 764922 is divided by 31871.
18
What is the remainder when 22799421 is divided by 632?
21
What is the remainder when 11105326 is divided by 740354?
16
What is the remainder when 612494228 is divided by 184?
180
What is the remainder when 49631802 is divided by 6203973?
18
Calculate the remainder when 13938 is divided by 1412.
1230
What is the remainder when 1001089 is divided by 76995?
154
What is the remainder when 1023746 is divided by 340782?
1400
Calculate the remainder when 127959 is divided by 6362.
719
Calculate the remainder when 45162792 is divided by 883.
874
Calculate the remainder when 252076 is divided by 4421.
79
Calculate the remainder when 1067389 is divided by 5801.
5
Calculate the remainder when 35104377 is divided by 1580.
1517
What is the remainder when 22468936 is divided by 79?
72
Calculate the remainder when 1032116 is divided by 1547.
267
What is the remainder when 20463 is divided by 362?
191
What is the remainder when 1266736 is divided by 316680?
16
Calculate the remainder when 20894 is divided by 18647.
2247
What is the remainder when 1143351 is divided by 193?
19
What i